common divisor of u and w.
6
Let h(l) = 26*l**2 - l - 17. Suppose 20*y - 12*y + 24 = 0. Let f be h(y). What is the highest common divisor of 20 and f?
20
Let x(u) = 3*u**2 - 4*u - 4. Let l be x(-3). Let h be ((-110)/l)/(3/7)*3. Let b be (-1)/((-5)/(-15)*2/h). What is the greatest common divisor of 11 and b?
11
Let v be 4*(2 - 1)*14. Suppose -25*z + 105 = -4095. Calculate the greatest common divisor of z and v.
56
Let i(w) = 94*w - 1064. Let s be i(21). What is the greatest common factor of s and 39?
13
Let u(z) = -689*z + 3064. Let h be u(-26). What is the greatest common factor of 34 and h?
34
Let s = 133 + -92. Suppose -6*h + 12*h - 984 = 0. Calculate the greatest common factor of h and s.
41
Let p = 1320 - -1460. Suppose 12*m - 2*m = p. Let t be 14/49 - m/(-7). Calculate the greatest common divisor of t and 5.
5
Let m = 7615 + -6895. What is the greatest common divisor of m and 340?
20
Let x(w) = -27*w - 50. Let a be x(-2). Suppose 2*b - 4*k - 103 = 19, 250 = a*b - 5*k. Calculate the highest common divisor of 65 and b.
65
Let t(x) be the first derivative of 2*x**2 + 96*x + 62. Let z be t(-19). Let b = 163 + 17. What is the highest common factor of z and b?
20
Let o(j) = 2*j**3 + 18*j**2 + 23*j - 24. Let f be o(-6). What is the highest common divisor of 1323 and f?
27
Let n(g) = -598*g + 295. Let w(c) = 399*c - 196. Let d(i) = 5*n(i) + 8*w(i). Let l be d(4). Calculate the highest common factor of 55 and l.
55
Let i = 2002 + -1492. What is the greatest common divisor of i and 119?
17
Let v(a) = -a**3 - 8*a**2 + 6*a - 23. Let h be v(-9). Let j be -5 + (h + -3 - -72). What is the greatest common factor of 102 and j?
34
Suppose 0 = h + p - 785 + 57, 2184 = 3*h + 2*p. Let d(c) = 13*c - 9. Let w be d(5). What is the highest common divisor of h and w?
56
Let w(v) = -3*v + 3*v**2 + 13*v + 0*v**2 + 24. Let n = 486 - 492. Let z be w(n). Calculate the greatest common divisor of z and 18.
18
Let z(t) = -25*t**2 + 43*t - 4. Let n be z(2). Let w be (-9)/(-6) + (-5643)/n. What is the highest common divisor of w and 45?
45
Suppose 4*d = -10 + 2. Let i be (-2)/d*(6 + 7). Let b(m) = m + 21. Let f be b(-8). What is the highest common divisor of i and f?
13
Let h be ((-51)/(-85))/((-6)/(-710)). Suppose -4*o + 3*m = -h + 6, 0 = -2*o + 5*m + 43. What is the greatest common divisor of 63 and o?
7
Suppose 0 = 143*t - 162*t - 3405 + 88449. What is the highest common divisor of t and 96?
12
Let t = 14 + -6. Suppose -30*x + 216*x - 3006 = -315*x. Calculate the highest common factor of x and t.
2
Suppose -112 = -28*b + 21*b. Suppose 0 = 31*f - 10*f - 13776. Calculate the highest common factor of b and f.
16
Let h be -1 + 1 + -2 + 8. Suppose -14*v - 97 = -209. What is the highest common factor of h and v?
2
Suppose 87*f - 290*f + 3240 = 67*f. What is the highest common divisor of 16620 and f?
12
Suppose 0 = -4*d - 4*n - 20, 3*n = 2*d + 9 + 1. Let z be (-24 + d)*1 - 3. Let p be (-1)/(-4) + (-4)/(z/118). Calculate the greatest common divisor of 45 and p.
15
Let b = -49 - -43. Let k(u) = -u**3 - 7*u**2 - 10*u - 13. Let h be k(b). Let f(z) = z**2 + 2. Let v be f(-3). What is the greatest common divisor of h and v?
11
Suppose 24*o = 19*o. Suppose -4*n + 9 = t, o*t - 15 = -5*n - 5*t. Calculate the greatest common factor of 74 and n.
2
Suppose 32*g + 11*g - 2291 = 18779. Suppose -80 = -0*m - 4*m. Calculate the highest common factor of m and g.
10
Suppose -t + 1142 = 4*r - 6996, 3*t - 24400 = -5*r. What is the highest common factor of t and 15?
15
Suppose 0 = -3*l + 4*n + 22, -6*l = -4*l + 3*n + 8. Let v(u) = -55 + 2*u**2 + 0*u**l + u + 60. Let q be v(3). Calculate the greatest common divisor of 26 and q.
26
Let o = 17926 - 17637. What is the highest common factor of 153 and o?
17
Let b = 8073 - 1278. Calculate the greatest common divisor of 45 and b.
45
Let a be (-32 + 33)/((-1)/(-248)). Calculate the greatest common factor of 8 and a.
8
Suppose -5*z + 2 + 68 = 0. Suppose -378 = -31*o + 28*o. What is the highest common factor of z and o?
14
Suppose 4*m - 7*o + 2*o - 521 = 0, 4*o = 5*m - 640. Let x = -47 + m. Calculate the highest common divisor of 7 and x.
7
Let h = 107 + -777. Let j = 902 + h. What is the greatest common divisor of j and 24?
8
Let g be (-9)/45 + 2712/(-15). Let r = 190 + g. Calculate the highest common factor of r and 3.
3
Let v(c) = c**2 + 4*c - 7. Let i = 52 - 58. Let b be v(i). Suppose 0 = -5*f - 2*d - d + 44, -3*d - 26 = -b*f. Calculate the highest common divisor of 63 and f.
7
Suppose 20 = 8*u - 3*u + 5*p, -4*p + 10 = -2*u. Let l(c) = -3*c - 11 - 3*c + c + u. Let s be l(-5). What is the highest common factor of s and 120?
15
Let y(k) = -336*k - 9739. Let d be y(-29). What is the greatest common divisor of 5165 and d?
5
Suppose 0 = 3*f - 7*f - 12, 5*f - 153 = -3*q. Suppose 4*x = h + 1621, 2*x - 3*h - 439 - 364 = 0. Calculate the greatest common divisor of x and q.
14
Let j be 3 - (-1 + -8)/3. Let u(c) = -4*c**2 - 24*c + 10. Let a be u(-5). What is the greatest common divisor of j and a?
6
Suppose -62*s + 20*s = -53 - 31. Suppose -3*n - 232 = -7*n. Calculate the highest common factor of n and s.
2
Suppose -6*f + 2055 = w - 11*f, 0 = -5*w - f + 10327. What is the highest common divisor of 140 and w?
35
Suppose -122*i - 30233 = -149*i - 7715. Calculate the greatest common factor of i and 36.
6
Let m(v) = v**3 - 15*v**2 - 41*v + 285. Let r be m(17). What is the greatest common divisor of r and 20?
2
Suppose -108 = -3*c - 3*x, 0*c + 2*x - 177 = -5*c. Suppose 415 = 4*a - 5*d, -6*d + 319 = 3*a - 2*d. What is the highest common divisor of a and c?
35
Let w be (-4968)/18*(-1)/2*7. Let l = -852 + w. What is the highest common divisor of 6 and l?
6
Suppose -2*i + 5113 = 3*x, -2*i + 3279 = 2*x - 1837. Calculate the greatest common factor of i and 65.
13
Suppose 0 = n + n - 8. Suppose -n*v - 4*v = 72. Let x be 32/3 - 3/v. What is the highest common factor of x and 88?
11
Let l be (4719/(-13))/11*88/(-3). Calculate the highest common factor of 32 and l.
8
Suppose -15*t + 13*t - g + 751 = 0, 2 = -2*g. What is the highest common factor of 80 and t?
8
Let g(n) be the first derivative of 2*n**2 - 21 + 0*n**2 + 25 + 76*n + 29*n. Let k be g(0). What is the highest common divisor of k and 21?
21
Suppose 0 = 128*x - 324*x + 10780. What is the highest common factor of x and 803?
11
Let y(t) be the first derivative of 3*t**2 + 79*t + 36. Let x be y(-13). Calculate the greatest common divisor of 7 and x.
1
Let w(h) = -23*h - 27. Let o be w(-3). Suppose 2*x + 3*s = 7*x - 41, -4*s = 3*x - o. Calculate the greatest common divisor of 70 and x.
10
Let d = 1030 - 256. Let n(q) = q**3 - 7*q**2 + 63*q - 324. Let x be n(6). Calculate the highest common divisor of x and d.
18
Let t be -17 + (-1380)/(-80) - (-2)/((-16)/(-654)). What is the greatest common factor of t and 574?
82
Suppose -6*r + 2460 = 636. Suppose -21*k + 25*k = r. Calculate the highest common divisor of 38 and k.
38
Suppose 0 = -4*h + 8447 - 2287. Calculate the greatest common divisor of 42 and h.
14
Let h(j) = -860*j + 221. Let s be h(-1). Calculate the highest common factor of s and 69.
23
Let l(b) = -357*b + 566. Let p be l(1). Calculate the greatest common divisor of p and 589.
19
Let i(p) = -4*p. Let u be i(-3). Let c be ((-9)/12*1)/(31/(-1364)). Calculate the greatest common factor of u and c.
3
Let f = 5 + -1. Suppose -s + 191 = 3*q, 313 = 5*q - f*s + 3*s. Suppose 61*j + 42 = q*j. Calculate the greatest common divisor of 168 and j.
21
Suppose -207 = -3*x + 48. Let w be -2*18/6 - (-941)/1. Calculate the highest common divisor of w and x.
85
Suppose -58*d = -60*d + 3*p + 16, 5*d = -2*p + 2. Calculate the greatest common divisor of 314 and d.
2
Suppose 3700 = n - 4*p - 1668, -4 = -4*p. What is the highest common factor of 136 and n?
68
Let q be (-1)/3*-15177 - -14. What is the greatest common divisor of q and 178?
89
Let o = -22152 + 22176. Let i = -33 + 51. Calculate the highest common divisor of o and i.
6
Suppose -2*g = -3*g + 4*k - 13, -5*g + 3*k + 54 = 0. Calculate the highest common factor of g and 57.
3
Let b(r) = 50*r - 101. Let x be b(20). Suppose 152 = 5*v - c, -5*c - 8 = -23. Calculate the greatest common factor of v and x.
31
Let c be (72/(-10))/(22/(-55)). Let y be c*((-22)/(-6) - 3). Let a be (-64)/(y